19396 + -19389. Determine s(j).
54
Let y(l) = -10*l - 10. Let t(j) = j**3 - 36*j**2 + 68*j - 5. Let n be t(34). Calculate y(n).
40
Let h(i) = 6*i - 36. Let f(a) = -4*a + 4. Let x(o) = 2*f(o) + h(o). What is x(2)?
-32
Let g be (10/30)/(273/54 - 5). Let l(t) = -t**3 + 6*t**2 + 3*t - 9. Determine l(g).
9
Let y(m) = -11*m + 155. Let k(i) = 56*i - 758. Let w(d) = 3*k(d) + 14*y(d). What is w(8)?
8
Let r(k) be the first derivative of 1/4*k**4 - 3/2*k**2 + 1/3*k**3 - 11 + 2*k. Determine r(1).
1
Let d = 6 - 0. Let c(r) = 5*r**3 + r**2 - 6*r + 7. Let f(b) = 23*b**3 + 7*b**2 - 30*b + 34. Let i(h) = 14*c(h) - 3*f(h). Determine i(d).
-4
Let u(j) = -17*j**2 - 19*j**2 + 10*j - 29*j**2 + 40 + j**3 - 26*j + 54*j**2. Calculate u(12).
-8
Let v = 52 - 49. Suppose 0 = 3*t - 4*n + 28, v*t + 16 = 4*t + 5*n. Let s(d) = d - 2*d - 15 - d**2 + 19. Calculate s(t).
-8
Let s(n) = 2*n**3 + 32*n**2 + 6*n - 10. Let t(f) = -f**3 - 23*f**2 - 4*f + 7. Let y(o) = -5*s(o) - 7*t(o). What is y(1)?
-3
Let v(p) = p**2 - 24*p + 43. Let l = -196 + 218. Let u be v(l). Let s(r) = -12*r**3 + r**2 - 1. Give s(u).
12
Let y(i) = -24*i**2 + 2. Let x(j) = -2*j + 78. Let v be x(40). Calculate y(v).
-94
Let x(l) be the first derivative of l**2/2 - l - 2. Suppose -3*j = -628*w + 633*w - 28, -4*j = -3*w - 18. Determine x(j).
5
Let b be -17 - (-693)/36 - 74/8. Let i(h) = -9*h - 30. What is i(b)?
33
Let w(d) = -2*d**3 - 279721*d + 279724*d - 5*d**2 + 0*d**2 + 3. Calculate w(-3).
3
Suppose -4*w = 5*u - 2, 0 = 5*u - 6*u - w. Let f(b) = 4*b**u - 2 + 18*b**2 + 8*b - 35*b**2 + 12*b**2. Determine f(8).
-2
Let v(z) = -z**3 - 2*z**2 - 9 - 32*z**2 + 35*z**2. What is v(0)?
-9
Let h(x) = -x**2 + 14*x - 33. Let j be h(3). Let y(k) = -3*k - 14. Let a(r) = -r. Let i = 4 + -3. Let u(p) = i*y(p) - 2*a(p). Give u(j).
-14
Let i(g) be the first derivative of -g**4/12 - g**3/6 + 99*g - 71. Let c(a) be the first derivative of i(a). Calculate c(4).
-20
Suppose 2*x = -2*i + 26828, i - 4*x = 3*i - 26822. Let d(v) = -i + 13417 - 2*v. What is d(-8)?
16
Let a(r) = 43 - 2*r + 39 + 10*r - r**2 + 44 - 121. Calculate a(7).
12
Let r(i) be the third derivative of i**5/30 + 13*i**4/8 + i**3/6 - 2*i**2 + 954*i - 2. Give r(-20).
21
Let h(u) = 39*u - 20. Let o(q) = -q**3 + 21*q**2 + q - 15. Let z be o(21). Let v(p) = -13*p + 7. Let l(w) = z*h(w) + 17*v(w). Calculate l(-1).
-14
Let p = -6 + 8. Let i(o) = -22*o**p - 4 + 21*o**2 + 8*o + 0*o. Calculate i(7).
3
Let o(u) = -u + 3 - 15*u**3 - u - 2. Let l = -6827 - -6828. Calculate o(l).
-16
Let y(u) = -u**3 - 42*u**2 + 42*u - 38. Let n be 10026/(-234) - 2/13. Determine y(n).
5
Let t(d) = 27 - 67 + 14*d - 32. Let i(k) = -7*k + 35. Let a(y) = 7*i(y) + 3*t(y). What is a(5)?
-6
Let k(u) be the second derivative of -3*u**5/20 - u**3/2 - u**2/2 + 653*u. Give k(-2).
29
Let d(w) = -4*w - 37. Let n be d(-10). Suppose -3*o = n*o - 678. Let i = -113 + o. Let k(j) = -j**3 - j**2 - j + 9. Give k(i).
9
Let w(z) be the third derivative of z**6/120 - z**5/15 - 7*z**4/6 - 3*z**3 + 613*z**2 - 4. Calculate w(8).
14
Let d(c) = 10*c - 22. Let x(p) = -p**3 + 12*p**2 - 26*p - 8. Let i be x(9). Let w(s) = -2*s + 2. Let y(z) = i*d(z) + 4*w(z). Determine y(11).
8
Suppose -223*v - 2846 = -398 - 218. Let q(n) = -n**2 - 11*n - 28. What is q(v)?
-18
Suppose -5*b - 5*x = 0, 0 = 107*b - 110*b + 4*x - 21. Let t(w) = -9*w**2 + 5*w + 2. Let g(v) = -4*v**2 + 2*v + 1. Let c(h) = 5*g(h) - 2*t(h). Calculate c(b).
-17
Suppose 3*m + 24 = -4*y, -5*y + 0*m - 53 = -2*m. Suppose 8*a + 262 = 686. Let z(p) = p + 51 - 151 + 52 + a. Calculate z(y).
-4
Let x(j) = -j**2 + 10*j**3 - 8*j + 19 - 15*j**3 + 11*j + 3*j**3. Give x(0).
19
Let l(u) be the second derivative of -3*u**5/20 + 19*u**4/6 + 8*u**3/3 - 13*u**2/2 - 552*u - 7. Determine l(13).
26
Let k(v) = -2*v + 27. Let j be k(-2). Suppose -j*b + 4 = -151. Let d(a) = -a. Determine d(b).
-5
Let p be (-9)/(-81) - (4 - (-616)/36). Let j(k) = k**2 + 21*k + 9. Calculate j(p).
9
Suppose 27*k - 61*k - 47*k = -1053. Let j(o) = o**3 - 12*o**2 - 9*o - 59. What is j(k)?
-7
Suppose -4*j = 4*o - 1084, 0 = 5*o + 32*j - 29*j - 1361. Let i(m) = m + o + 271 - 548. What is i(-9)?
-12
Let w(f) be the second derivative of -f**6/720 + 7*f**5/60 - 7*f**4/3 - 44*f. Let o(d) be the third derivative of w(d). Give o(9).
5
Let y be (23 - 2004/84)/((-1)/7). Let n(x) = x**2 - 2*x + 4. Let m be n(3). Let b(w) = -y + m + 2*w - 4*w. Determine b(-5).
11
Let c(p) = -24*p**2 + 1. Let b(h) be the first derivative of -20*h + 5*h**2 + 3 - 1/3*h**3. Let m be b(3). Calculate c(m).
-23
Let b(o) = 12*o**3 - o**2 + o - 1. Let r be (0 + 3/(-2))*12/(-9). Suppose 0 = r*q - v - 16, 0 = 4*q + 4*v - 2*v - 16. Suppose -q*c = -4 - 2. Calculate b(c).
11
Let a(o) = -o**3 + 2*o**2 + 2. Let q(m) = 6*m**3 - 10*m**2 - m - 10. Suppose 4*c + w = 42, -2*c + 0*w + 30 = -4*w. Let k(h) = c*a(h) + 2*q(h). Calculate k(-3).
-1
Let c = -11096 + 11095. Let r(f) = 21*f**3 + 3*f**2 - f - 2. Calculate r(c).
-19
Let k(v) be the second derivative of 0 + 171*v + 4/3*v**3 + 21*v**2. Determine k(-6).
-6
Let x(u) = u**3 + 3*u**2 - 3*u - 8. Let p(f) = f**3 + 42*f**2 - 139*f - 184. Let g be p(-45). What is x(g)?
-12
Let z(j) be the first derivative of j**4/4 - 8*j**3/3 + 13*j**2/2 - 38*j + 900. Calculate z(7).
4
Let v(q) be the first derivative of -3*q**4/4 + q**2 - q + 1. Let y(l) = l**3 - 46*l**2 + 42*l + 164. Let i be y(45). Suppose 29*w = -0 + i. What is v(w)?
-2
Let k = 15 + -35. Let z be (-1)/(-2) + (-90)/k. Suppose s = 8 - z. Let o(t) = -t**3 + 4*t**2 - 2*t. What is o(s)?
3
Let c(h) = -82*h - 118. Let a be c(-6). Let g = a - 368. Let v(r) = r**3 - 7*r**2 + 7*r - 9. Calculate v(g).
-3
Let c(f) = 19*f + 157. Let q be ((-64)/112)/((-5)/(-70)). Determine c(q).
5
Let f be ((1 - 3) + -3)/((-233)/(-233)). Let s(o) = 4 - o + o + 5*o - o + o**2. Calculate s(f).
9
Let g be 0 - (-12 - -11)/((-1)/4). Let s(f) be the first derivative of f**3/3 + f**2 + 64. Give s(g).
8
Let c be (-12)/(-8)*(-4 - (-64)/12). Let m(l) = 8*l - 4 - 53*l**2 - 52*l**2 + 106*l**c. Calculate m(-7).
-11
Let w(a) = 2*a - 64. Suppose -8*l = 9*l - 544. Let r be w(l). Let p(k) = k**2 - k - 9. Give p(r).
-9
Let w be ((-30)/20)/(3/(-4016)) + -2. Let y(d) = 11 - 2007*d + w*d - 8. Determine y(12).
-9
Let i(u) = -u + 4. Suppose 0 = 3*a + 4*q - 15, -a + 2*q + 85 - 60 = 0. Determine i(a).
-9
Let f(h) = 22*h - 138. Suppose 2*u + 3*n - 6 = 0, 4*n + 231 = -5*u + 253. Give f(u).
-6
Let k(y) = -60*y**3 - 3*y**2 + 2. Let l(g) = -g**3 + 40*g**2 + 122*g + 302. Let r be l(43). Determine k(r).
-61
Let g be (2162/690 - 2/(-10))*3/15. Let h(d) be the second derivative of -1/12*d**4 + g*d**3 + 0*d**2 - 6*d + 0. Determine h(3).
3
Let f(y) = 33*y**2 + y - 2*y**3 + 0 - 4 - 15*y**2 - 17*y**2. Give f(-3).
56
Suppose -87*x = -18*x - 621. Let k(j) = j**3 - 7*j**2 - 16*j - 12. Calculate k(x).
6
Let c(g) be the second derivative of g**4/4 + 5*g**3/6 + 59*g**2/2 - 123*g. Let l(p) be the first derivative of c(p). Calculate l(-5).
-25
Let c(l) = -3*l**2 - 2*l + 2. Suppose 4*v - 2*p + 162 = 6*v, v - 84 = -2*p. Let m be (-2)/(-13) - (-66)/v. Calculate c(m).
-3
Let u(t) = -30*t + 2. Suppose -10*n + 493 = 473. Determine u(n).
-58
Let l(b) be the first derivative of -17/120*b**5 - 1/24*b**4 - 28/3*b**3 + 0*b + 20 + 0*b**2. Let k(z) be the third derivative of l(z). Determine k(-1).
16
Suppose -3*y = 2*i, -2*y - y = 5*i. Let g(h) = -5*h - 7. Determine g(y).
-7
Let b(x) be the third derivative of -1/3*x**3 + 53 - 3/8*x**4 - 1/60*x**5 - 2*x**2 + 0*x. What is b(-8)?
6
Let a = -31 - -29. Let x(b) = 14*b + 0*b - 4*b - 12*b + 5*b. What is x(a)?
-6
Let q = 67348 - 67352. Let l(o) = -8*o**2 - 4*o - 13. Let v(a) = -7*a**2 - 4*a - 12. Let u(z) = -6*l(z) + 7*v(z). Give u(q).
-6
Let c(d) = 700*d - 379*d - 320*d - 8. Calculate c(-11).
-19
Let t(j) be the third derivative of j**6/120 - j**5/6 + 11*j**4/24 - 17*j**3/6 - 3*j**2 + 131*j. Determine t(9).
1
Let j(c) = 3*c**2 + 14*c + 4. Let t(g) = 12*g**2 + 56*g + 13. Let p(v) = 9*j(v) - 2*t(v). Determine p(-6).
34
Let j(i) = 13*i**2 + 30*i + 2. Let a(t) = -3*t**2 - 6*t - 1. Let c(f) = 4*a(f) + j(f). Let m = 12 + -7. Suppose 4*z - 3 = m*z. Determine c(z).
-11
Let g = 140 + -728. Let u be 3/5 + (-2 - g/20). Let q(m) = u*m**2 - 2 + 2 - 6*m - 27*m**2. Calculate q(5).
-5
Let v(y) be the first derivative of y**3/3